{"id":2677,"date":"2019-02-02T22:30:51","date_gmt":"2019-02-02T20:30:51","guid":{"rendered":"http:\/\/www.faluspelmanslag.se\/?page_id=2677"},"modified":"2019-02-03T22:43:18","modified_gmt":"2019-02-03T20:43:18","slug":"fsl-finnabacka-99-cd1","status":"publish","type":"page","link":"https:\/\/www.faluspelmanslag.se\/?page_id=2677","title":{"rendered":"FSL Finnbacka -99 CD1"},"content":{"rendered":"<p>Del 1 av danskv\u00e4llen i Finnbacka 1999<\/p>\n<p>Det b\u00f6rjar med<\/p>\n<p>B\u00f6rjes Olles Vals<br \/>\n<audio class=\"wp-audio-shortcode\" id=\"audio-2677-1\" preload=\"none\" style=\"width: 100%;\" controls=\"controls\"><source type=\"audio\/mpeg\" src=\"http:\/\/www.faluspelmanslag.se\/wp-content\/uploads\/2019\/02\/01-B\u00f6rjes-Olles-Vals.mp3?_=1\" \/><a href=\"http:\/\/www.faluspelmanslag.se\/wp-content\/uploads\/2019\/02\/01-B\u00f6rjes-Olles-Vals.mp3\">http:\/\/www.faluspelmanslag.se\/wp-content\/uploads\/2019\/02\/01-B\u00f6rjes-Olles-Vals.mp3<\/a><\/audio><\/p>\n<p>Spakens Vals<br \/>\n<audio class=\"wp-audio-shortcode\" id=\"audio-2677-2\" preload=\"none\" style=\"width: 100%;\" controls=\"controls\"><source type=\"audio\/mpeg\" src=\"http:\/\/www.faluspelmanslag.se\/wp-content\/uploads\/2019\/02\/02-Spakens-Vals.mp3?_=2\" \/><a href=\"http:\/\/www.faluspelmanslag.se\/wp-content\/uploads\/2019\/02\/02-Spakens-Vals.mp3\">http:\/\/www.faluspelmanslag.se\/wp-content\/uploads\/2019\/02\/02-Spakens-Vals.mp3<\/a><\/audio><\/p>\n<p>Mellansnack<br \/>\n<audio class=\"wp-audio-shortcode\" id=\"audio-2677-3\" preload=\"none\" style=\"width: 100%;\" controls=\"controls\"><source type=\"audio\/mpeg\" src=\"http:\/\/www.faluspelmanslag.se\/wp-content\/uploads\/2019\/02\/03-Mellansnack.mp3?_=3\" \/><a href=\"http:\/\/www.faluspelmanslag.se\/wp-content\/uploads\/2019\/02\/03-Mellansnack.mp3\">http:\/\/www.faluspelmanslag.se\/wp-content\/uploads\/2019\/02\/03-Mellansnack.mp3<\/a><\/audio><\/p>\n<p>Pekkos Olles D-moll polska<br \/>\n<audio class=\"wp-audio-shortcode\" id=\"audio-2677-4\" preload=\"none\" style=\"width: 100%;\" controls=\"controls\"><source type=\"audio\/mpeg\" src=\"http:\/\/www.faluspelmanslag.se\/wp-content\/uploads\/2019\/02\/04-Pekkos-Olles-D-moll-polska.mp3?_=4\" \/><a href=\"http:\/\/www.faluspelmanslag.se\/wp-content\/uploads\/2019\/02\/04-Pekkos-Olles-D-moll-polska.mp3\">http:\/\/www.faluspelmanslag.se\/wp-content\/uploads\/2019\/02\/04-Pekkos-Olles-D-moll-polska.mp3<\/a><\/audio><\/p>\n<p>Mellansnack<br \/>\n<audio class=\"wp-audio-shortcode\" id=\"audio-2677-5\" preload=\"none\" style=\"width: 100%;\" controls=\"controls\"><source type=\"audio\/mpeg\" src=\"http:\/\/www.faluspelmanslag.se\/wp-content\/uploads\/2019\/02\/05-Mellansnack.mp3?_=5\" \/><a href=\"http:\/\/www.faluspelmanslag.se\/wp-content\/uploads\/2019\/02\/05-Mellansnack.mp3\">http:\/\/www.faluspelmanslag.se\/wp-content\/uploads\/2019\/02\/05-Mellansnack.mp3<\/a><\/audio><\/p>\n<p>Nylands Nerifr\u00e5n<br \/>\n<audio class=\"wp-audio-shortcode\" id=\"audio-2677-6\" preload=\"none\" style=\"width: 100%;\" controls=\"controls\"><source type=\"audio\/mpeg\" src=\"http:\/\/www.faluspelmanslag.se\/wp-content\/uploads\/2019\/02\/06-Nylands-Nerifr\u00e5n.mp3?_=6\" \/><a href=\"http:\/\/www.faluspelmanslag.se\/wp-content\/uploads\/2019\/02\/06-Nylands-Nerifr\u00e5n.mp3\">http:\/\/www.faluspelmanslag.se\/wp-content\/uploads\/2019\/02\/06-Nylands-Nerifr\u00e5n.mp3<\/a><\/audio><\/p>\n<p>Lorichs polskan<br \/>\n<audio class=\"wp-audio-shortcode\" id=\"audio-2677-7\" preload=\"none\" style=\"width: 100%;\" controls=\"controls\"><source type=\"audio\/mpeg\" src=\"http:\/\/www.faluspelmanslag.se\/wp-content\/uploads\/2019\/02\/07-Lorich-polskan.mp3?_=7\" \/><a href=\"http:\/\/www.faluspelmanslag.se\/wp-content\/uploads\/2019\/02\/07-Lorich-polskan.mp3\">http:\/\/www.faluspelmanslag.se\/wp-content\/uploads\/2019\/02\/07-Lorich-polskan.mp3<\/a><\/audio><\/p>\n<p>Bergmans polska<br \/>\n<audio class=\"wp-audio-shortcode\" id=\"audio-2677-8\" preload=\"none\" style=\"width: 100%;\" controls=\"controls\"><source type=\"audio\/mpeg\" src=\"http:\/\/www.faluspelmanslag.se\/wp-content\/uploads\/2019\/02\/08-Bergman-Orsa.mp3?_=8\" \/><a href=\"http:\/\/www.faluspelmanslag.se\/wp-content\/uploads\/2019\/02\/08-Bergman-Orsa.mp3\">http:\/\/www.faluspelmanslag.se\/wp-content\/uploads\/2019\/02\/08-Bergman-Orsa.mp3<\/a><\/audio><\/p>\n<p>Jiddish Schottis<br \/>\n<audio class=\"wp-audio-shortcode\" id=\"audio-2677-9\" preload=\"none\" style=\"width: 100%;\" controls=\"controls\"><source type=\"audio\/mpeg\" src=\"http:\/\/www.faluspelmanslag.se\/wp-content\/uploads\/2019\/02\/09-Jiddish-schottis.mp3?_=9\" \/><a href=\"http:\/\/www.faluspelmanslag.se\/wp-content\/uploads\/2019\/02\/09-Jiddish-schottis.mp3\">http:\/\/www.faluspelmanslag.se\/wp-content\/uploads\/2019\/02\/09-Jiddish-schottis.mp3<\/a><\/audio><\/p>\n<p>Bremsen<br \/>\n<audio class=\"wp-audio-shortcode\" id=\"audio-2677-10\" preload=\"none\" style=\"width: 100%;\" controls=\"controls\"><source type=\"audio\/mpeg\" src=\"http:\/\/www.faluspelmanslag.se\/wp-content\/uploads\/2019\/02\/10-Bremsen.mp3?_=10\" \/><a href=\"http:\/\/www.faluspelmanslag.se\/wp-content\/uploads\/2019\/02\/10-Bremsen.mp3\">http:\/\/www.faluspelmanslag.se\/wp-content\/uploads\/2019\/02\/10-Bremsen.mp3<\/a><\/audio><\/p>\n<p>Mellansnack<br \/>\n<audio class=\"wp-audio-shortcode\" id=\"audio-2677-11\" preload=\"none\" style=\"width: 100%;\" controls=\"controls\"><source type=\"audio\/mpeg\" src=\"http:\/\/www.faluspelmanslag.se\/wp-content\/uploads\/2019\/02\/11-Mellansnack.mp3?_=11\" \/><a href=\"http:\/\/www.faluspelmanslag.se\/wp-content\/uploads\/2019\/02\/11-Mellansnack.mp3\">http:\/\/www.faluspelmanslag.se\/wp-content\/uploads\/2019\/02\/11-Mellansnack.mp3<\/a><\/audio><\/p>\n<p>Polska e Gudmunds Kalle<br \/>\n<audio class=\"wp-audio-shortcode\" id=\"audio-2677-12\" preload=\"none\" style=\"width: 100%;\" controls=\"controls\"><source type=\"audio\/mpeg\" src=\"http:\/\/www.faluspelmanslag.se\/wp-content\/uploads\/2019\/02\/12-Gudmundk-kalle.mp3?_=12\" \/><a href=\"http:\/\/www.faluspelmanslag.se\/wp-content\/uploads\/2019\/02\/12-Gudmundk-kalle.mp3\">http:\/\/www.faluspelmanslag.se\/wp-content\/uploads\/2019\/02\/12-Gudmundk-kalle.mp3<\/a><\/audio><\/p>\n<p>Altsarbypolskan av Pers Hans<br \/>\n<audio class=\"wp-audio-shortcode\" id=\"audio-2677-13\" preload=\"none\" style=\"width: 100%;\" controls=\"controls\"><source type=\"audio\/mpeg\" src=\"http:\/\/www.faluspelmanslag.se\/wp-content\/uploads\/2019\/02\/13-Altsarbypolskan.mp3?_=13\" \/><a href=\"http:\/\/www.faluspelmanslag.se\/wp-content\/uploads\/2019\/02\/13-Altsarbypolskan.mp3\">http:\/\/www.faluspelmanslag.se\/wp-content\/uploads\/2019\/02\/13-Altsarbypolskan.mp3<\/a><\/audio><\/p>\n<p>Mellansnack<br \/>\n<audio class=\"wp-audio-shortcode\" id=\"audio-2677-14\" preload=\"none\" style=\"width: 100%;\" controls=\"controls\"><source type=\"audio\/mpeg\" src=\"http:\/\/www.faluspelmanslag.se\/wp-content\/uploads\/2019\/02\/14-Mellansnack.mp3?_=14\" \/><a href=\"http:\/\/www.faluspelmanslag.se\/wp-content\/uploads\/2019\/02\/14-Mellansnack.mp3\">http:\/\/www.faluspelmanslag.se\/wp-content\/uploads\/2019\/02\/14-Mellansnack.mp3<\/a><\/audio><\/p>\n<p>Sparv Fars Polska<br \/>\n<audio class=\"wp-audio-shortcode\" id=\"audio-2677-15\" preload=\"none\" style=\"width: 100%;\" controls=\"controls\"><source type=\"audio\/mpeg\" src=\"http:\/\/www.faluspelmanslag.se\/wp-content\/uploads\/2019\/02\/15-Sparv-Fars-polska.mp3?_=15\" \/><a href=\"http:\/\/www.faluspelmanslag.se\/wp-content\/uploads\/2019\/02\/15-Sparv-Fars-polska.mp3\">http:\/\/www.faluspelmanslag.se\/wp-content\/uploads\/2019\/02\/15-Sparv-Fars-polska.mp3<\/a><\/audio><\/p>\n<p>Stjinnbracka ma Lucku<br \/>\n<audio class=\"wp-audio-shortcode\" id=\"audio-2677-16\" preload=\"none\" style=\"width: 100%;\" controls=\"controls\"><source type=\"audio\/mpeg\" src=\"http:\/\/www.faluspelmanslag.se\/wp-content\/uploads\/2019\/02\/16-Stjinnbracka-ma-lucku.mp3?_=16\" \/><a href=\"http:\/\/www.faluspelmanslag.se\/wp-content\/uploads\/2019\/02\/16-Stjinnbracka-ma-lucku.mp3\">http:\/\/www.faluspelmanslag.se\/wp-content\/uploads\/2019\/02\/16-Stjinnbracka-ma-lucku.mp3<\/a><\/audio><\/p>\n<p>Kronprinsen<br \/>\n<audio class=\"wp-audio-shortcode\" id=\"audio-2677-17\" preload=\"none\" style=\"width: 100%;\" controls=\"controls\"><source type=\"audio\/mpeg\" src=\"http:\/\/www.faluspelmanslag.se\/wp-content\/uploads\/2019\/02\/17-Kronprinsen.mp3?_=17\" \/><a href=\"http:\/\/www.faluspelmanslag.se\/wp-content\/uploads\/2019\/02\/17-Kronprinsen.mp3\">http:\/\/www.faluspelmanslag.se\/wp-content\/uploads\/2019\/02\/17-Kronprinsen.mp3<\/a><\/audio><\/p>\n<p>Mellansnack<br \/>\n<audio class=\"wp-audio-shortcode\" id=\"audio-2677-18\" preload=\"none\" style=\"width: 100%;\" controls=\"controls\"><source type=\"audio\/mpeg\" src=\"http:\/\/www.faluspelmanslag.se\/wp-content\/uploads\/2019\/02\/18-Mellansnack.mp3?_=18\" \/><a href=\"http:\/\/www.faluspelmanslag.se\/wp-content\/uploads\/2019\/02\/18-Mellansnack.mp3\">http:\/\/www.faluspelmanslag.se\/wp-content\/uploads\/2019\/02\/18-Mellansnack.mp3<\/a><\/audio><\/p>\n<p>Nylands Mitt i mellan<br \/>\n<audio class=\"wp-audio-shortcode\" id=\"audio-2677-19\" preload=\"none\" style=\"width: 100%;\" controls=\"controls\"><source type=\"audio\/mpeg\" src=\"http:\/\/www.faluspelmanslag.se\/wp-content\/uploads\/2019\/02\/19-Nyland-Mittimellan.mp3?_=19\" \/><a href=\"http:\/\/www.faluspelmanslag.se\/wp-content\/uploads\/2019\/02\/19-Nyland-Mittimellan.mp3\">http:\/\/www.faluspelmanslag.se\/wp-content\/uploads\/2019\/02\/19-Nyland-Mittimellan.mp3<\/a><\/audio><\/p>\n<p>Mellansnack<br \/>\n<audio class=\"wp-audio-shortcode\" id=\"audio-2677-20\" preload=\"none\" style=\"width: 100%;\" controls=\"controls\"><source type=\"audio\/mpeg\" src=\"http:\/\/www.faluspelmanslag.se\/wp-content\/uploads\/2019\/02\/20-Mellansnack.mp3?_=20\" \/><a href=\"http:\/\/www.faluspelmanslag.se\/wp-content\/uploads\/2019\/02\/20-Mellansnack.mp3\">http:\/\/www.faluspelmanslag.se\/wp-content\/uploads\/2019\/02\/20-Mellansnack.mp3<\/a><\/audio><\/p>\n","protected":false},"excerpt":{"rendered":"<p>Del 1 av danskv\u00e4llen i Finnbacka 1999 Det b\u00f6rjar med B\u00f6rjes Olles Vals Spakens Vals Mellansnack Pekkos Olles D-moll polska Mellansnack Nylands Nerifr\u00e5n Lorichs polskan Bergmans polska Jiddish Schottis Bremsen &hellip; <a href=\"https:\/\/www.faluspelmanslag.se\/?page_id=2677\" class=\"more-link\">Forts\u00e4tt l\u00e4sa <span class=\"screen-reader-text\">FSL Finnbacka -99 CD1<\/span> <span class=\"meta-nav\">&rarr;<\/span><\/a><\/p>\n","protected":false},"author":90,"featured_media":0,"parent":2675,"menu_order":1,"comment_status":"closed","ping_status":"closed","template":"","meta":{"_crdt_document":"","_uag_custom_page_level_css":"","ngg_post_thumbnail":0,"footnotes":""},"class_list":["post-2677","page","type-page","status-publish","hentry"],"uagb_featured_image_src":{"full":false,"thumbnail":false,"medium":false,"medium_large":false,"large":false,"1536x1536":false,"2048x2048":false,"post-thumbnail":false},"uagb_author_info":{"display_name":"Hans Olander","author_link":"https:\/\/www.faluspelmanslag.se\/?author=90"},"uagb_comment_info":0,"uagb_excerpt":"Del 1 av danskv\u00e4llen i Finnbacka 1999 Det b\u00f6rjar med B\u00f6rjes Olles Vals Spakens Vals Mellansnack Pekkos Olles D-moll polska Mellansnack Nylands Nerifr\u00e5n Lorichs polskan Bergmans polska Jiddish Schottis Bremsen &hellip; Forts\u00e4tt l\u00e4sa FSL Finnbacka -99 CD1 &rarr;","_links":{"self":[{"href":"https:\/\/www.faluspelmanslag.se\/index.php?rest_route=\/wp\/v2\/pages\/2677","targetHints":{"allow":["GET"]}}],"collection":[{"href":"https:\/\/www.faluspelmanslag.se\/index.php?rest_route=\/wp\/v2\/pages"}],"about":[{"href":"https:\/\/www.faluspelmanslag.se\/index.php?rest_route=\/wp\/v2\/types\/page"}],"author":[{"embeddable":true,"href":"https:\/\/www.faluspelmanslag.se\/index.php?rest_route=\/wp\/v2\/users\/90"}],"replies":[{"embeddable":true,"href":"https:\/\/www.faluspelmanslag.se\/index.php?rest_route=%2Fwp%2Fv2%2Fcomments&post=2677"}],"version-history":[{"count":7,"href":"https:\/\/www.faluspelmanslag.se\/index.php?rest_route=\/wp\/v2\/pages\/2677\/revisions"}],"predecessor-version":[{"id":2765,"href":"https:\/\/www.faluspelmanslag.se\/index.php?rest_route=\/wp\/v2\/pages\/2677\/revisions\/2765"}],"up":[{"embeddable":true,"href":"https:\/\/www.faluspelmanslag.se\/index.php?rest_route=\/wp\/v2\/pages\/2675"}],"wp:attachment":[{"href":"https:\/\/www.faluspelmanslag.se\/index.php?rest_route=%2Fwp%2Fv2%2Fmedia&parent=2677"}],"curies":[{"name":"wp","href":"https:\/\/api.w.org\/{rel}","templated":true}]}}