{"id":46,"date":"2013-09-02T20:32:30","date_gmt":"2013-09-02T19:32:30","guid":{"rendered":"http:\/\/faluspelmanslag.se\/?page_id=46"},"modified":"2025-11-22T11:11:38","modified_gmt":"2025-11-22T09:11:38","slug":"kom-och-spela","status":"publish","type":"page","link":"https:\/\/www.faluspelmanslag.se\/?page_id=46","title":{"rendered":"Kom och spela &#8211; bli medlem"},"content":{"rendered":"<p>Spelar du n\u00e5got instrument, gillar du folkmusik och l\u00e4ngtar du efter att spela p\u00e5 geh\u00f6r tillsammans med andra entusiaster? D\u00e5 ska du komma till <a href=\"https:\/\/www.svenskakyrkan.se\/falun\/stefansgarden---st-stefans-kapell\">Stefansg\u00e5rden<\/a>, Vandrarv\u00e4gen 2, i H\u00e4lsingg\u00e5rden p\u00e5 torsdagar klockan 18.30 och vara med n\u00e4r vi \u00f6var nya och gamla l\u00e5tar!<br>Vi har inga intr\u00e4deskrav och \u00e4r glada att bli flera.<\/p>\n<p>Om du vill bli medlem i Falu spelmanslag \u00e4r medlemsavgiften f\u00f6r 2026:<\/p>\n<p>Fullbetalande 300 kr, studerande 150 kr.<\/p>\n<p>Medlemsavgiften betalas in p\u00e5 Falu spelmanslags plusgiro: 42 60 77-4. Du kan \u00e4ven betala till Falu spelmanslag p\u00e5 Swish nr 123 5061 411, om du betalar med Swish \u00e4r \u00e5rsavgiften 302 kr.<\/p>\n<p>Det underl\u00e4ttar f\u00f6r kass\u00f6ren om du betalar medlemsavgiften f\u00f6r 2026 i januari.<\/p>\n<p>Som medlem kan du logga in p\u00e5 v\u00e5ra medlemssidor d\u00e4r det bland annat finns ljudinspelningar med de l\u00e5tar som vi spelar.<\/p>\n<p>Under <em>Kalender&nbsp;<\/em>kan du se n\u00e4r n\u00e4sta \u00f6vning intr\u00e4ffar.<br>Har du n\u00e5gra&nbsp;funderingar kontaktar du&nbsp;v\u00e5r ordf\u00f6rande, se kontaktuppgifter <a title=\"Kontaktuppgifter\" href=\"http:\/\/faluspelmanslag.se\/?page_id=448\"><span style=\"text-decoration: underline;\">h\u00e4r<\/span><\/a>.<br>Varmt v\u00e4lkommen!<\/p>\n\n\n<p class=\"wp-block-paragraph\"><\/p>\n","protected":false},"excerpt":{"rendered":"<p>Spelar du n\u00e5got instrument, gillar du folkmusik och l\u00e4ngtar du efter att spela p\u00e5 geh\u00f6r tillsammans med andra entusiaster? D\u00e5 ska du komma till Stefansg\u00e5rden, Vandrarv\u00e4gen 2, i H\u00e4lsingg\u00e5rden p\u00e5 &hellip; <a href=\"https:\/\/www.faluspelmanslag.se\/?page_id=46\" class=\"more-link\">Forts\u00e4tt l\u00e4sa <span class=\"screen-reader-text\">Kom och spela &#8211; bli medlem<\/span> <span class=\"meta-nav\">&rarr;<\/span><\/a><\/p>\n","protected":false},"author":1,"featured_media":0,"parent":0,"menu_order":2,"comment_status":"open","ping_status":"closed","template":"","meta":{"_crdt_document":"","_uag_custom_page_level_css":"","ngg_post_thumbnail":0,"footnotes":""},"class_list":["post-46","page","type-page","status-publish","hentry"],"uagb_featured_image_src":{"full":false,"thumbnail":false,"medium":false,"medium_large":false,"large":false,"1536x1536":false,"2048x2048":false,"post-thumbnail":false},"uagb_author_info":{"display_name":"admin","author_link":"https:\/\/www.faluspelmanslag.se\/?author=1"},"uagb_comment_info":0,"uagb_excerpt":"Spelar du n\u00e5got instrument, gillar du folkmusik och l\u00e4ngtar du efter att spela p\u00e5 geh\u00f6r tillsammans med andra entusiaster? D\u00e5 ska du komma till Stefansg\u00e5rden, Vandrarv\u00e4gen 2, i H\u00e4lsingg\u00e5rden p\u00e5 &hellip; Forts\u00e4tt l\u00e4sa Kom och spela &#8211; bli medlem &rarr;","_links":{"self":[{"href":"https:\/\/www.faluspelmanslag.se\/index.php?rest_route=\/wp\/v2\/pages\/46","targetHints":{"allow":["GET"]}}],"collection":[{"href":"https:\/\/www.faluspelmanslag.se\/index.php?rest_route=\/wp\/v2\/pages"}],"about":[{"href":"https:\/\/www.faluspelmanslag.se\/index.php?rest_route=\/wp\/v2\/types\/page"}],"author":[{"embeddable":true,"href":"https:\/\/www.faluspelmanslag.se\/index.php?rest_route=\/wp\/v2\/users\/1"}],"replies":[{"embeddable":true,"href":"https:\/\/www.faluspelmanslag.se\/index.php?rest_route=%2Fwp%2Fv2%2Fcomments&post=46"}],"version-history":[{"count":29,"href":"https:\/\/www.faluspelmanslag.se\/index.php?rest_route=\/wp\/v2\/pages\/46\/revisions"}],"predecessor-version":[{"id":6354,"href":"https:\/\/www.faluspelmanslag.se\/index.php?rest_route=\/wp\/v2\/pages\/46\/revisions\/6354"}],"wp:attachment":[{"href":"https:\/\/www.faluspelmanslag.se\/index.php?rest_route=%2Fwp%2Fv2%2Fmedia&parent=46"}],"curies":[{"name":"wp","href":"https:\/\/api.w.org\/{rel}","templated":true}]}}