{"id":6106,"date":"2025-08-19T09:54:04","date_gmt":"2025-08-19T07:54:04","guid":{"rendered":"https:\/\/www.faluspelmanslag.se\/?page_id=6106"},"modified":"2025-09-25T23:16:18","modified_gmt":"2025-09-25T21:16:18","slug":"danslatar","status":"publish","type":"page","link":"https:\/\/www.faluspelmanslag.se\/?page_id=6106","title":{"rendered":"Dansl\u00e5tar"},"content":{"rendered":"\n<div class=\"wp-block-columns is-layout-flex wp-container-core-columns-is-layout-8f761849 wp-block-columns-is-layout-flex\">\n<div class=\"wp-block-column is-layout-flow wp-block-column-is-layout-flow\">\n<ul class=\"wp-block-list\">\n<li><strong>Boda:<\/strong><br><a href=\"https:\/\/open.spotify.com\/track\/0ATVZdjIrfkfxk39RS463v?si=a73ca2252b604059\">Laggar Anders<\/a> *)<br><a href=\"https:\/\/open.spotify.com\/track\/7r5mdLx2zy0TxT3vhEHhLf?si=6507059e8ced4731\">Klabbl\u00e5ten <\/a>*)<br><a href=\"https:\/\/open.spotify.com\/track\/5oXFf4nVj8rC759NUi3MsR?si=d2a6dd5c1baa4d21\">J\u00f6ns Lars far<\/a><br><a href=\"https:\/\/open.spotify.com\/track\/2lS2sEDBxueGYUdTx6KwXl?si=50dc729fb4de4691\">Silversp\u00e4nta skor<\/a><br><a href=\"https:\/\/www.faluspelmanslag.se\/wp-content\/uploads\/2024\/10\/Tack-O-Lov-Efter-Jannes-Hans.mp3\">Tack \u00e5 lov<\/a><br><a href=\"https:\/\/www.faluspelmanslag.se\/wp-content\/uploads\/2024\/10\/Polska-e-HansOllas-Hans.mp3\">Hans Ollas Hans<\/a><br><a href=\"https:\/\/www.faluspelmanslag.se\/wp-content\/uploads\/2018\/06\/Maka-e-du-Britta-av-R\u00f6j\u00e5s-Jonas.mp3\">Knapp Brittas br\u00f6llopspolska<\/a><\/li>\n\n\n\n<li><strong>Bingsj\u00f6:<\/strong><br><a href=\"https:\/\/www.faluspelmanslag.se\/wp-content\/uploads\/2013\/09\/12-Pekkos-Pers-storpolska.mp3\">Pekkos pers Storpolska<\/a> *)<br><a href=\"https:\/\/www.faluspelmanslag.se\/wp-content\/uploads\/2021\/08\/Satspolskan-e-Pekkos-Per.m4a\">Satspolskan<\/a><br><a href=\"https:\/\/www.faluspelmanslag.se\/wp-content\/uploads\/2021\/11\/Djavilspolskan.mp3\">Dj\u00e4vulspolskan<\/a><br><a href=\"https:\/\/www.faluspelmanslag.se\/wp-content\/uploads\/2021\/08\/Kalla-k\u00e5rar.m4a\">Kalla K\u00e5rar<\/a><br><a href=\"https:\/\/www.faluspelmanslag.se\/wp-content\/uploads\/2021\/08\/Kronprinsen.m4a\">Kronprinsen<\/a> *)<br>Kaffel\u00e5ten *)<\/li>\n\n\n\n<li><strong>Schottis:<\/strong><br><a href=\"https:\/\/www.faluspelmanslag.se\/wp-content\/uploads\/2024\/10\/Fire-Shilling.mp3\">Fire shilling<\/a><br>Marta Johannes<br><a href=\"https:\/\/www.faluspelmanslag.se\/wp-content\/uploads\/2019\/02\/18-Ivar-Bergmans-schottis.mp3\">Ivar Bergman<\/a><br><a href=\"https:\/\/www.faluspelmanslag.se\/wp-content\/uploads\/2021\/08\/Bingsjoschottis-e-Agenmark.mp3\">Cykelhandlarn<\/a><br><a href=\"https:\/\/www.faluspelmanslag.se\/wp-content\/uploads\/2023\/01\/Elin-schottis.mp3\">Elins schottis<\/a><br><a href=\"https:\/\/www.faluspelmanslag.se\/wp-content\/uploads\/2020\/02\/Sjuttisen.mp3\">Sjuttisen<\/a><br><a href=\"https:\/\/www.faluspelmanslag.se\/wp-content\/uploads\/2020\/02\/Normans-Schottis.mp3\">Normans Schottis<\/a><br><a href=\"https:\/\/www.faluspelmanslag.se\/wp-content\/uploads\/2019\/02\/09-Jiddish-schottis.mp3\">Jiddisch schottis<\/a> *)<\/li>\n\n\n\n<li><strong>Sl\u00e4ngpolska:<\/strong><br><a href=\"https:\/\/www.faluspelmanslag.se\/wp-content\/uploads\/2024\/10\/slangpolska-fr-smaland-gdur.pdf\">G-duringen<\/a><br>Byss Kalle<br><a href=\"https:\/\/www.faluspelmanslag.se\/wp-content\/uploads\/2025\/01\/Brollopspolska.mp3\">Br\u00f6llopspolska<\/a><br><a href=\"https:\/\/www.faluspelmanslag.se\/wp-content\/uploads\/2025\/01\/Slangpolska-e-Bernard-Ljunggren.mp3\">&#8221;Din morsa&#8221;<\/a><br><a href=\"https:\/\/www.faluspelmanslag.se\/wp-content\/uploads\/2025\/01\/Slangpolska-e-Sven-Donat.mp3\">Donats gl\u00f6mda<\/a><br><a href=\"https:\/\/www.faluspelmanslag.se\/wp-content\/uploads\/2024\/10\/Farfars-polskan.mp3\">Farfarspolskan<\/a><br><a href=\"https:\/\/www.faluspelmanslag.se\/wp-content\/uploads\/2024\/10\/att.evxWpoP89dh9P3P2uVCsC-BCnUHN7oVOv5ZNVOFJxjQ.pdf\">M\u00f6rk\u00f6<\/a><\/li>\n\n\n\n<li><strong>Ore:<\/strong><br><a href=\"https:\/\/www.faluspelmanslag.se\/wp-content\/uploads\/2018\/01\/Polska-e-Stor-Mats-Skifva.mp3\">Stor Mats Skifva<\/a><br><a href=\"https:\/\/www.faluspelmanslag.se\/wp-content\/uploads\/2018\/01\/Polska-e-Dalfors-Ore.mp3\">Dahlfors 4:a<\/a><br>Bl\u00e5geten<br>Knuter Jon<br><a href=\"https:\/\/www.faluspelmanslag.se\/wp-content\/uploads\/2024\/08\/Polska-e-Berg-Gustav.mp3\">Berg Gustaf<\/a><\/li>\n\n\n\n<li><strong>R\u00e4ttvik:<\/strong><br>Nirvana<br>H\u00f6\u00f6k-Olles gm polska *)<br>&#8221;Ja m\u00e5 han leva&#8221; *)<br><a href=\"https:\/\/www.faluspelmanslag.se\/wp-content\/uploads\/2019\/02\/10-Klangpolskan-av-Pers-Erik.mp3\">Klangpolska<\/a> *)<br><a href=\"https:\/\/open.spotify.com\/track\/6glV892nEUrJ0elPhlErlp?si=ed4ae02ba20b424c\">Friskt vatten<\/a> *)<br>Majvors<br><a href=\"https:\/\/www.faluspelmanslag.se\/wp-content\/uploads\/2022\/03\/Grattis-Lotta.mp3\">Grattis Lotta<\/a><br>Saknaden<\/li>\n\n\n\n<li><strong>Enviken:<\/strong><br><a href=\"https:\/\/www.faluspelmanslag.se\/wp-content\/uploads\/2018\/03\/Petter-Alas-polska.mp3\">Petter i Ala<\/a><br><a href=\"https:\/\/www.faluspelmanslag.se\/wp-content\/uploads\/2022\/03\/Mormors-Brudpolska-e-W-Hedlund.mp3\">Mormors brudpolska<\/a><br><a href=\"https:\/\/www.faluspelmanslag.se\/wp-content\/uploads\/2018\/03\/Polska-W-Hedlund.mp3\">&#8221;Vilda polskan&#8221;<\/a><br><a href=\"https:\/\/www.faluspelmanslag.se\/wp-content\/uploads\/2024\/09\/ENV-Sch-e-VH.mp3\">Schottis i F<\/a><br>Polska efter morfadern<\/li>\n\n\n\n<li><strong>\u00c4lvdalen\/S\u00e4rna\/Engerdal:<\/strong><br><a href=\"https:\/\/open.spotify.com\/track\/4Bw2Ng3CQmKRX0orPKhGTT?si=92df9bab1d7d475b\">Brunnsbergspolskan<\/a><br><a href=\"https:\/\/www.faluspelmanslag.se\/wp-content\/uploads\/2024\/09\/Solleropolskan-LLM-.mp3\">Soller\u00f6polskan<\/a><br><a href=\"https:\/\/www.faluspelmanslag.se\/wp-content\/uploads\/2019\/01\/Lillola-Mann-polska-e-Spak-Erik.mp3\">Lill Ola man<\/a><br><a href=\"https:\/\/www.faluspelmanslag.se\/wp-content\/uploads\/2020\/02\/Polsk-e-Torleif-Sn\u00e4rten.mp3\">Torleif Snerten<\/a><br><a href=\"https:\/\/www.faluspelmanslag.se\/wp-content\/uploads\/2019\/01\/Polsk-e-Helmer-K\u00f6lvagn-Egerdal.mp3\">Helmer K\u00f6lvang<\/a><br>Barbro Per<br><a href=\"https:\/\/www.faluspelmanslag.se\/wp-content\/uploads\/2020\/02\/Elg\u00e5-II-e-J\u00f6rgen-Jensvoll.mp3\">Elg\u00e5 2<\/a><\/li>\n\n\n\n<li><strong>Hultkl\u00e4ppen<\/strong><br><a href=\"https:\/\/www.faluspelmanslag.se\/wp-content\/uploads\/2025\/04\/Krakbacken.m4a\">Kr\u00e5kb\u00e4cken<\/a><br><a href=\"https:\/\/www.faluspelmanslag.se\/wp-content\/uploads\/2025\/04\/Polska-e-Sammels-Jon-Erik.m4a\">Sammils Jon<\/a><\/li>\n<\/ul>\n<\/div>\n\n\n\n<div class=\"wp-block-column is-layout-flow wp-block-column-is-layout-flow\">\n<ul class=\"wp-block-list\">\n<li><strong>R\u00f6rospols:<\/strong><br><a href=\"https:\/\/open.spotify.com\/track\/7dQnT2wXH6vovQkJAbYyBH?si=aa9ac13f11654613\">Dimmisionspols<\/a><br><a href=\"https:\/\/www.faluspelmanslag.se\/wp-content\/uploads\/2013\/09\/OLA-ELV.mp3\">Ola Elven<\/a> *)<br><a href=\"https:\/\/www.faluspelmanslag.se\/wp-content\/uploads\/2024\/10\/Karileken.mp3\">Karileken<\/a><br><a href=\"https:\/\/open.spotify.com\/track\/7dQnT2wXH6vovQkJAbYyBH?si=aa9ac13f11654613\">Millomhurven<\/a><br><a href=\"https:\/\/www.faluspelmanslag.se\/wp-content\/uploads\/2024\/10\/Snar-a-ta-at.mp3\">Snar \u00e5 ta \u00e5t<\/a> *)<br><a href=\"https:\/\/www.faluspelmanslag.se\/wp-content\/uploads\/2024\/10\/Amerikaturen-II.mp3\">Amerikaturen 1<\/a> *)<br><a href=\"https:\/\/www.faluspelmanslag.se\/wp-content\/uploads\/2024\/10\/Brurleken-hass-Krestaffer-Troen.mp3\">hass Kristaffer Tr\u00f6en<\/a> *)<br><a href=\"https:\/\/www.faluspelmanslag.se\/wp-content\/uploads\/2020\/02\/Oppifr\u00e5n-pols-e-Torvals-Olsa.mp3\">Torvald Osa<\/a><\/li>\n\n\n\n<li><strong>S\u00e4rna\/V-dala:<\/strong><br><a href=\"https:\/\/www.faluspelmanslag.se\/wp-content\/uploads\/2019\/01\/Polska-e-Erkg\u00e4rds-Mats.mp3\">Erkg\u00e4rds Mats<\/a><br>Lissmyr Erik<br><a href=\"https:\/\/www.faluspelmanslag.se\/wp-content\/uploads\/2019\/02\/08-N\u00e5sragan.mp3\">N\u00e5sragan<\/a> *)<br><a href=\"https:\/\/www.faluspelmanslag.se\/wp-content\/uploads\/2019\/02\/05-Limahurven.mp3\">Limahurven<\/a> *)<br><a href=\"https:\/\/open.spotify.com\/track\/4gfD1S56zqP5ISGnspEtEf?si=918b0a4371f24841\">Bron \u00f6ver Sveg<\/a> *)<br><a href=\"https:\/\/www.faluspelmanslag.se\/wp-content\/uploads\/2020\/01\/R\u00f6dh\u00e4tte-Hurven-3-varv-Melodi-D-Dur.mp3\">R\u00f6dh\u00e4ttan<\/a><\/li>\n\n\n\n<li><strong>Vals:<\/strong><br>Saras Jon<br><a href=\"https:\/\/www.faluspelmanslag.se\/wp-content\/uploads\/2016\/09\/Vals-fr\u00e5n-Folldal-Dm-e-Sven-Nyhus1.mp3\">Vals fr\u00e5n Folldal <\/a>*)<br><a href=\"https:\/\/www.faluspelmanslag.se\/wp-content\/uploads\/2016\/09\/Gudbrandsdalsvals-i-Gm.e-HW-Brimi1.mp3\">Hovedmillomleken<\/a><br><a href=\"https:\/\/www.faluspelmanslag.se\/wp-content\/uploads\/2019\/02\/02-Finnskovalsen.mp3\">Finnskovalsen<\/a> *)<br><a href=\"https:\/\/open.spotify.com\/track\/73Dkx7oe4ftLKesSs2d97z?si=fe3f3ccab74441b0\">Troskari Mats<\/a><br><a href=\"https:\/\/www.faluspelmanslag.se\/wp-content\/uploads\/2016\/09\/\u00c5sen-och-Silkes-valserna1.mp3\">\u00c5sen\/Silkes<\/a> *)<br><a href=\"https:\/\/www.faluspelmanslag.se\/wp-content\/uploads\/2016\/09\/Gambt-Berg-P\u00e5lKarl-Valserna-1.mp3\">Gamt Berg<\/a><br><a href=\"https:\/\/www.faluspelmanslag.se\/wp-content\/uploads\/2016\/09\/Gambt-Berg-P\u00e5lKarl-Valserna-1.mp3\">P\u00e5l Karl<\/a><br><a href=\"https:\/\/www.faluspelmanslag.se\/wp-content\/uploads\/2013\/09\/LH-Lisselh\u00e4rbresvalsen.mp3\">Liss&#8217;l h\u00e4rbrevalsen<\/a> *)<br><a href=\"https:\/\/www.faluspelmanslag.se\/wp-content\/uploads\/2025\/01\/Erik-Larsa-Vals-Anton-Karlnlund-Ansatten-Melodi-KEE.mp3\">Ante Falk<\/a><br><a href=\"https:\/\/www.faluspelmanslag.se\/wp-content\/uploads\/2019\/02\/14-H\u00f6kpers-Vals.mp3\">H\u00f6kpers vals<\/a><br><a href=\"https:\/\/www.faluspelmanslag.se\/wp-content\/uploads\/2024\/09\/Blinde-Palms-Durvals.mp3\">Blinde Palms durvals<\/a><br>Baltzerjungfrun<br><a href=\"https:\/\/www.faluspelmanslag.se\/wp-content\/uploads\/2020\/01\/INGEGERDS-VALS-G\u00f6ran-F\u00e4lt.mp3\">Ingegerds vals<\/a><\/li>\n\n\n\n<li><strong>Orsa:<\/strong><br><a href=\"https:\/\/www.faluspelmanslag.se\/wp-content\/uploads\/2013\/09\/Torsmopolskan.m4a\">Torsmopolskan<\/a><br><a href=\"https:\/\/www.faluspelmanslag.se\/wp-content\/uploads\/2021\/09\/Polska-e-Brand-Jon.mp3\">Br\u00e4nd Jon<\/a><br><a href=\"https:\/\/www.faluspelmanslag.se\/wp-content\/uploads\/2021\/09\/Systerpolska-1-e-Blecko-Anders.mp3\">Systerpolska 1<\/a> *)<br><a href=\"https:\/\/www.faluspelmanslag.se\/wp-content\/uploads\/2021\/09\/Alvenpolskan.mp3\">Alfv\u00e9npolskan<\/a><br><a href=\"https:\/\/www.faluspelmanslag.se\/wp-content\/uploads\/2019\/02\/08-Bergman-Orsa.mp3\">Bergmans polska<\/a> *)<br>Sven Grev<\/li>\n\n\n\n<li><strong>Hambo:<\/strong><br><a href=\"https:\/\/www.faluspelmanslag.se\/wp-content\/uploads\/2019\/02\/15-Sparv-Fars-polska.mp3\">Sparv Fars<\/a><br>Karis Pers<br>Wigerts<br><a href=\"https:\/\/www.faluspelmanslag.se\/wp-content\/uploads\/2019\/02\/16-Stjinnbracka-ma-lucku.mp3\">Skinnbracka <\/a>*<\/li>\n\n\n\n<li><strong>Finnskogs:<\/strong><br><a href=\"https:\/\/open.spotify.com\/track\/4rRMLsMs9bfncU7fsFrqFh?si=3f9bec1ef6994517\">Fanteladda<\/a><br><a href=\"https:\/\/open.spotify.com\/track\/2UvCLYyhkNVgfmOf1giVkD?si=1f9ff868f1d04653\">Jon Andersson i Dur<\/a><br><a href=\"https:\/\/open.spotify.com\/track\/18cfye80IqJytqJCSBuRni?si=1054cfd100ec4a5b\">Jon Andersson i d-moll<\/a><\/li>\n\n\n\n<li><strong>H\u00e4ftesl\u00e5tar:<\/strong><br>Smedsbo brudpolska<br>R\u00f6dh\u00e4ttan<br>P\u00e4rlpolskan<br>Nurse to death<br>Big Horse<br>Br\u00f6llopspolska<br>Kingen<br>Ebbas brudpolska<br>Kalle A:s polska<br>In the Attic<\/li>\n\n\n\n<li><strong>\u00d6vriga:<\/strong><br><a href=\"https:\/\/www.faluspelmanslag.se\/wp-content\/uploads\/2024\/09\/Polska-e-Spel-Erik.mp3\">Spel Erik<\/a><br><a href=\"https:\/\/www.faluspelmanslag.se\/wp-content\/uploads\/2018\/01\/Im-not-fed-up-with-the-pacific-ocean.mp3\">Pacific Ocean<\/a><br><a href=\"https:\/\/www.faluspelmanslag.se\/wp-content\/uploads\/2019\/02\/13-Ungerska-Jernvegen.mp3\">Ungerska J\u00e4rnv\u00e4gen<\/a><br><a href=\"https:\/\/www.faluspelmanslag.se\/wp-content\/uploads\/2025\/03\/Blidstrom-menuet-18-PG.mp3\">Blidstr\u00f6ms menuett 18<\/a><br><a href=\"https:\/\/www.faluspelmanslag.se\/wp-content\/uploads\/2019\/02\/08-Stjuls-eft-Fyr-Anders.mp3\">Fyr Anders<\/a> + Jamaica Farewell Stjuls *)<\/li>\n<\/ul>\n<\/div>\n<\/div>\n\n\n\n<p class=\"wp-block-paragraph\">*) Efter en l\u00e5t betyder att noter finns i Falu Spelmanslags p\u00e4rm<\/p>\n","protected":false},"excerpt":{"rendered":"<p>*) Efter en l\u00e5t betyder att noter finns i Falu Spelmanslags p\u00e4rm<\/p>\n","protected":false},"author":211,"featured_media":0,"parent":98,"menu_order":0,"comment_status":"closed","ping_status":"closed","template":"","meta":{"_crdt_document":"","_uag_custom_page_level_css":"","ngg_post_thumbnail":0,"footnotes":""},"class_list":["post-6106","page","type-page","status-publish","hentry"],"uagb_featured_image_src":{"full":false,"thumbnail":false,"medium":false,"medium_large":false,"large":false,"1536x1536":false,"2048x2048":false,"post-thumbnail":false},"uagb_author_info":{"display_name":"Erik Svensson","author_link":"https:\/\/www.faluspelmanslag.se\/?author=211"},"uagb_comment_info":0,"uagb_excerpt":"*) Efter en l\u00e5t betyder att noter finns i Falu Spelmanslags p\u00e4rm","_links":{"self":[{"href":"https:\/\/www.faluspelmanslag.se\/index.php?rest_route=\/wp\/v2\/pages\/6106","targetHints":{"allow":["GET"]}}],"collection":[{"href":"https:\/\/www.faluspelmanslag.se\/index.php?rest_route=\/wp\/v2\/pages"}],"about":[{"href":"https:\/\/www.faluspelmanslag.se\/index.php?rest_route=\/wp\/v2\/types\/page"}],"author":[{"embeddable":true,"href":"https:\/\/www.faluspelmanslag.se\/index.php?rest_route=\/wp\/v2\/users\/211"}],"replies":[{"embeddable":true,"href":"https:\/\/www.faluspelmanslag.se\/index.php?rest_route=%2Fwp%2Fv2%2Fcomments&post=6106"}],"version-history":[{"count":6,"href":"https:\/\/www.faluspelmanslag.se\/index.php?rest_route=\/wp\/v2\/pages\/6106\/revisions"}],"predecessor-version":[{"id":6120,"href":"https:\/\/www.faluspelmanslag.se\/index.php?rest_route=\/wp\/v2\/pages\/6106\/revisions\/6120"}],"up":[{"embeddable":true,"href":"https:\/\/www.faluspelmanslag.se\/index.php?rest_route=\/wp\/v2\/pages\/98"}],"wp:attachment":[{"href":"https:\/\/www.faluspelmanslag.se\/index.php?rest_route=%2Fwp%2Fv2%2Fmedia&parent=6106"}],"curies":[{"name":"wp","href":"https:\/\/api.w.org\/{rel}","templated":true}]}}